{"id":17,"date":"2019-07-18T18:18:44","date_gmt":"2019-07-18T18:18:44","guid":{"rendered":"http:\/\/ordon.space\/?page_id=17"},"modified":"2021-08-08T18:56:09","modified_gmt":"2021-08-08T16:56:09","slug":"tloczenie","status":"publish","type":"page","link":"https:\/\/elgraf.szczecin.pl\/index.php\/tloczenie\/","title":{"rendered":"T\u0142oczenie"},"content":{"rendered":"\n<p>To najpopularniejsza forma reklamy na ok\u0142adce kalendarza ksi\u0105\u017ckowego lub innych wyko\u0144czonych odpowiedni\u0105 oklein\u0105. Oferujemy t\u0142oczenie &#8222;na sucho&#8221; &#8211; na wielu materia\u0142ach metoda ta pozwala na wydobycie interesuj\u0105cego kontrastu pomi\u0119dzy wyt\u0142oczonym motywem i t\u0142em, oczywi\u015bcie niezb\u0119dna do tego jest odpowiednia okleina introligatorska aktywna termicznie.Do wykonania t\u0142oczenia niezb\u0119dna jest matryca. Na Pa\u0144stwa \u017cyczenie wykonamy tak\u0105 matryc\u0119 lub u\u017cyjemy matrycy dostarczonej przez Was. Wykonujemy matryce magnezowe o grubo\u015bci 5.00 mm i 7.00 mm. Standardowa g\u0142\u0119boko\u015b\u0107 trawienia matryc wynosi od 1.0 do 1.6 mm, przy k\u0105cie nachylenia oko\u0142o 45 stopni.T\u0142oczenie logo na ok\u0142adce wykonujemy w formacie do 120 x 60 mm. Wykonane matryce s\u0105 Pa\u0144stwa w\u0142asno\u015bci\u0105 lecz mog\u0105 by\u0107 przechowywane przez ELGRAF przez okres 24 miesi\u0119cy od ostatniego t\u0142oczenia w celu wykonywania kolejnych zlece\u0144.<\/p>\n\n\n\n<p>Oczywi\u015bcie przy tej okazji s\u0142u\u017cymy Pa\u0144stwu pomoc\u0105 przy doborze lub opracowaniem grafiki.<\/p>\n","protected":false},"excerpt":{"rendered":"<p>To najpopularniejsza forma reklamy na ok\u0142adce kalendarza ksi\u0105\u017ckowego lub innych wyko\u0144czonych odpowiedni\u0105 oklein\u0105. Oferujemy t\u0142oczenie &#8222;na sucho&#8221; &#8211; na wielu [&hellip;]<\/p>\n","protected":false},"author":1,"featured_media":866,"parent":0,"menu_order":0,"comment_status":"closed","ping_status":"closed","template":"","meta":{"footnotes":""},"class_list":["post-17","page","type-page","status-publish","has-post-thumbnail","hentry"],"_links":{"self":[{"href":"https:\/\/elgraf.szczecin.pl\/index.php\/wp-json\/wp\/v2\/pages\/17","targetHints":{"allow":["GET"]}}],"collection":[{"href":"https:\/\/elgraf.szczecin.pl\/index.php\/wp-json\/wp\/v2\/pages"}],"about":[{"href":"https:\/\/elgraf.szczecin.pl\/index.php\/wp-json\/wp\/v2\/types\/page"}],"author":[{"embeddable":true,"href":"https:\/\/elgraf.szczecin.pl\/index.php\/wp-json\/wp\/v2\/users\/1"}],"replies":[{"embeddable":true,"href":"https:\/\/elgraf.szczecin.pl\/index.php\/wp-json\/wp\/v2\/comments?post=17"}],"version-history":[{"count":2,"href":"https:\/\/elgraf.szczecin.pl\/index.php\/wp-json\/wp\/v2\/pages\/17\/revisions"}],"predecessor-version":[{"id":2849,"href":"https:\/\/elgraf.szczecin.pl\/index.php\/wp-json\/wp\/v2\/pages\/17\/revisions\/2849"}],"wp:featuredmedia":[{"embeddable":true,"href":"https:\/\/elgraf.szczecin.pl\/index.php\/wp-json\/wp\/v2\/media\/866"}],"wp:attachment":[{"href":"https:\/\/elgraf.szczecin.pl\/index.php\/wp-json\/wp\/v2\/media?parent=17"}],"curies":[{"name":"wp","href":"https:\/\/api.w.org\/{rel}","templated":true}]}}